nits digit of i(a)?
1
Let y = -8 + 20. Suppose -3*c + c = -y. What is the units digit of c?
6
Let h(g) = g**2 + 3. Let o be h(-4). Suppose 4*n = o + 9. What is the units digit of n?
7
Let k(c) = c**3 + 2*c**2 - 2*c - 2. Let t be k(-2). Suppose 0 = t*x - 4*y + 6 - 26, -2*y = 6. What is the units digit of x?
4
Suppose 4*o - 263 = r, 5*o - 327 = -0*o + 3*r. What is the tens digit of o?
6
Suppose 0 = w - 3*w. Suppose 5*h = -3*t + 41, 4*t + 3*h - 15 - 47 = w. What is the tens digit of t?
1
Let y = 36 - 15. Let t = y + -13. What is the units digit of t?
8
Let d = -1 - -4. Let r(o) = 2*o - 4. What is the units digit of r(d)?
2
Let c(g) = g**3 - 4*g**2 + 2*g - 5. Let r be (35/14)/((-2)/(-4)). Let j = 9 - r. What is the units digit of c(j)?
3
Suppose 0*l - 42 = -2*j - 3*l, -4*j - 2*l + 100 = 0. What is the units digit of j/18 - (-55)/2?
9
What is the hundreds digit of (191 - (-9 + 4)) + 0?
1
Let a be 13/3 + (-12)/(-18). Suppose a*q + 8 - 83 = 0. What is the units digit of q?
5
Let l(f) = 5*f**2 + 13*f + 13. What is the tens digit of l(-4)?
4
Let h(z) = z**2 - 5*z + 11. What is the units digit of h(-5)?
1
Suppose 5*u - 5*p - 15 = 0, -3*u - 6 = -u + 4*p. Let g = -1 + u. Suppose 14 = -g*n + 2*n. What is the units digit of n?
7
Let l(f) = 7*f**2 - 8*f - 20. What is the hundreds digit of l(-7)?
3
Let l(s) = -16*s + 6. What is the tens digit of l(-5)?
8
Suppose 0 = 5*c - 4*h - 58, -7*c + 3*c = 5*h - 71. What is the units digit of c?
4
Suppose -4*g - 2*y + 3 = 9, -3*y = 3. Suppose -5 = j + 4*j. What is the tens digit of (j + 2)/(g/(-15))?
1
Let p = -392 - -592. What is the tens digit of p?
0
Suppose -4*s + 44 = -2*s - v, -v = s - 22. Let c = s - 12. What is the tens digit of c?
1
Suppose -3*h - 4*f = 6, 0 = 2*h - 5*f - 14 - 5. Suppose -y + w + 35 = 0, 187 = 5*y + w - h*w. What is the tens digit of y?
3
Let f be (-3 + 0)*(-6)/9. Suppose -k - 14 = -f*k. What is the tens digit of k?
1
Suppose -279 = 39*h - 42*h. What is the tens digit of h?
9
Let y(c) = c**2 + 16*c + 33. What is the tens digit of y(-19)?
9
Let z = -2 + 15. What is the units digit of z?
3
Suppose -9 = 5*l - 39. What is the units digit of l?
6
What is the tens digit of (-261)/(-12) + 15/12?
2
Let j(u) = -2*u**3 + u**2 + u. Let o be j(-1). Let x be (0 - -42) + -4 + o. What is the units digit of 56/x - (-4)/(-10)?
1
Suppose -3*v + 128 = v + 4*w, -3*w = 5*v - 162. Let s = v - 20. What is the units digit of s?
3
Suppose -2*r + 66 - 6 = 0. What is the tens digit of r?
3
Suppose -d - 5*a = -2 - 1, 5*d - 15 = 3*a. Suppose -2*i - 29 = -d*u, -2*i + 2 = -u + i. What is the units digit of u?
3
Let o(u) = u**2 + 9*u + 3. Let i be o(-7). Suppose -3*b + 48 = -33. Let p = i + b. What is the units digit of p?
6
Let t(n) = -n**2 - 9*n - 8. Let b be t(-8). What is the units digit of -3 - (b - 1) - -30?
8
Let b = 149 + 21. What is the hundreds digit of b?
1
Let n = 10 - 8. Suppose 4*k - 44 = n*u, 0 = -k + 5*u + 13 + 7. What is the tens digit of k?
1
Let s(a) = a**2. Let l be s(5). Suppose 6*q - l = q. Suppose q*r - 5 = 5*n + 5, -2*r + 25 = 5*n. What is the units digit of r?
5
Let f = 28 + 4. What is the tens digit of f?
3
Suppose 5*q = -5*l + 30, 0*q + 2*q - 8 = -3*l. What is the tens digit of q?
1
Let t(d) = 3*d**2 + 9*d - 6. What is the tens digit of t(4)?
7
Suppose -2*z = -5 - 1. Suppose 0*y - 66 = -z*y. What is the tens digit of y?
2
Let b(a) = -1 + 4 + 5 - 6*a + a**2. Let r be 14/(-63) - (-56)/9. What is the units digit of b(r)?
8
Let g(l) = 4*l**2 - 5*l. What is the units digit of g(2)?
6
Let p be ((-12)/10)/(14/(-35)). Let t be 11 + -4 - (-2)/(-1). Suppose t + 10 = p*c. What is the units digit of c?
5
Let d(n) = -3*n**3 - 3*n**2 + 6*n + 3. What is the units digit of d(-4)?
3
Let n = -12 - -41. What is the tens digit of n?
2
Let i(m) = -10*m**2. Let r be i(1). Let d = r - -3. Let y = 16 + d. What is the units digit of y?
9
Suppose 0 = -0*s - s + 22. Suppose i - 10 - s = 0. What is the tens digit of i?
3
Let w be -2 - 0 - (10 - 2). Suppose -h = -5*h + 76. Let l = w + h. What is the units digit of l?
9
Let f = 340 + -187. What is the tens digit of f?
5
Suppose 0 = -2*z - 0*z + 26. Let w = 3 + z. What is the tens digit of w?
1
Let b(i) = i**2 + 16*i + 9. Let y be b(-16). Suppose 2*p = -p + y. What is the units digit of p?
3
Let z be 81/15 - (-4)/(-10). Suppose p - 66 = -4*h, z*p = -h - 2*h + 41. What is the units digit of h?
7
Suppose -1 = 2*r - 11. Suppose -c = -t + 20, c - 42 = -2*t + r*c. What is the units digit of t?
9
Let f = 230 + 19. What is the units digit of f?
9
Suppose 5*i - 1352 = -3*i. What is the hundreds digit of i?
1
Let h(x) = x**2 + 2*x + 3. Suppose 6*u - 3*u = -6. What is the units digit of h(u)?
3
Let b(n) = -19*n**2 - 3*n - 1. Let k be b(-2). Let z = k - -105. What is the units digit of z?
4
Suppose -52 = -3*p - p. Let a(n) = 5*n**2 - 8*n - 9. Let d(q) = -11*q**2 + 16*q + 18. Let u(c) = p*a(c) + 6*d(c). What is the units digit of u(-6)?
3
Let s = -6 + 8. Suppose 0 = -5*j - 4*i + 31, -j - 3*i + 21 = 2*j. Let g = j - s. What is the units digit of g?
1
Let m = 7 + 21. What is the units digit of m?
8
Let i = -19 + 29. Suppose i*h - 5*h = 0. Suppose -6 = -3*o - h*o. What is the units digit of o?
2
Let j = 11 + -5. What is the units digit of 2/j - 224/(-12)?
9
Suppose 6*b - 4*a = 2*b + 132, -4*a - 30 = -b. What is the tens digit of b?
3
Let b = -2 + 7. Let v = -1 + 3. Suppose v*z - b - 3 = -2*n, -z + 2*n + 16 = 0. What is the units digit of z?
8
Let d(h) = -h**3 - 19*h**2 - 20*h - 3. What is the tens digit of d(-18)?
3
Suppose 0 = 2*g - 5 - 1. What is the units digit of 6/4 + g/6?
2
Let y(f) = 4*f**2 - 4*f - 2. What is the hundreds digit of y(-5)?
1
What is the tens digit of ((-3)/(-6)*-3)/((-2)/104)?
7
Suppose 22 = 3*s - 50. What is the tens digit of s?
2
Suppose -3*w + 3*f + 6 = 5*f, 4*w + 12 = 4*f. Suppose w = 4*y - 4 - 0. What is the units digit of y?
1
Suppose -3*n + s + 2 = 0, 4*n - 2*n + s = 3. Suppose -n = -o + 14. What is the units digit of o?
5
Let h(y) = -3 + 1 - 3*y**2 - 3*y - 3*y**2 + 7*y**2. What is the units digit of h(5)?
8
Suppose 5*v - 388 - 997 = 0. What is the tens digit of v?
7
Let n = -8 - -12. Suppose -k + n*k + 11 = -b, -4*b + 3*k + 16 = 0. What is the units digit of b?
1
Suppose 0 = 3*x - 246 + 81. Suppose 7*y = 2*y + x. What is the units digit of y?
1
Suppose -7*c = 4*c - 385. What is the units digit of c?
5
Let j(f) = f**3 - 8*f**2 + 4*f - 3. Let c be j(7). What is the tens digit of c*(-2 + 0)/4?
1
Suppose 2*b - 5*v + 11 = 0, -2 = 3*b - 3*v + 10. Let o = 4 + b. What is the units digit of ((-22)/4)/(o/(-2))?
1
Suppose -4*p + 2*y = y - 63, p + 4*y = 3. Suppose 0*b + b - 2 = 0. Suppose p = -b*k + 5*k. What is the units digit of k?
5
Suppose -3*u + 197 = -4*r, 0*u - 5*r = -3*u + 199. What is the tens digit of u?
6
Let l(w) = w**3 - w**2 + 1. Let j be l(-1). What is the tens digit of j/(3/(-66)*2)?
1
Let t(u) = -u**2 + 3*u - 2. Let p be t(1). Suppose p = 8*a - 162 - 230. What is the tens digit of a?
4
Let i = 24 - 44. Let h be (1 - (1 - 2))*-5. Let m = h - i. What is the units digit of m?
0
Let h(p) = -p**2 - p - 1. Let z(v) = 2*v + 3. Let x(j) = -h(j) + z(j). What is the tens digit of x(-7)?
3
Let l = -3 + 2. Let p(i) = 10*i**2 - 2*i - 1. What is the units digit of p(l)?
1
Let a(y) be the first derivative of -y**3/3 - 3*y**2 - 6*y + 3. Let i(k) = k**3 + 4*k**2 - 3*k + 6. Let x be i(-5). What is the units digit of a(x)?
2
Let g = 9 - 5. Let v(o) = 0*o + 4 - 10*o**2 - 6*o + 3*o + 11*o**2. What is the units digit of v(g)?
8
Let x = -52 + 73. Let w = 5 + x. What is the units digit of w?
6
Let t be (4/4)/(1/3). Let x = 7 + t. What is the units digit of x?
0
Suppose 0 = -38*p + 42*p - 172. What is the units digit of p?
3
Suppose -m + 3 = 1. Suppose -2*q = m*q - 60. What is the units digit of q?
5
Let g = 13 - 9. Suppose -2*d = -g - 0. What is the units digit of d?
2
Let n = 70 - 50. What is the tens digit of n?
2
Let g be -3 + 18 + (-2 - 1). What is the units digit of g/20 + (-404)/(-10)?
1
Let q(t) = t**3 - 7*t**2 - 34*t + 8. What is the tens digit of q(11)?
1
Suppose -z = -0*z - 8. Let r(u) = -2 + 3*u - 8 + u**3 - z*u**2 + 7*u. What is the units digit of r(7)?
1
Suppose 0 = -2*q + 2*g + 190, 3*g + 336 = 4*q - 39. What is the units digit of q?
0
Let m = 111 + -67. What is the